{"id":1357,"date":"2023-01-16T13:12:49","date_gmt":"2023-01-16T13:12:49","guid":{"rendered":"https:\/\/euravocat.com\/?page_id=1357"},"modified":"2025-08-21T17:08:22","modified_gmt":"2025-08-21T17:08:22","slug":"bratislava-slovakia","status":"publish","type":"page","link":"https:\/\/euravocat.com\/?page_id=1357","title":{"rendered":"Slovakia | Bratislava"},"content":{"rendered":"\t\t<div data-elementor-type=\"wp-page\" data-elementor-id=\"1357\" class=\"elementor elementor-1357\">\n\t\t\t\t<div class=\"elementor-element elementor-element-683d90ce e-flex e-con-boxed e-con e-parent\" data-id=\"683d90ce\" data-element_type=\"container\">\n\t\t\t\t\t<div class=\"e-con-inner\">\n\t\t<div class=\"elementor-element elementor-element-35f0d0ca e-con-full e-flex e-con e-child\" data-id=\"35f0d0ca\" data-element_type=\"container\">\n\t\t\t\t<div class=\"elementor-element elementor-element-7255e5a3 elementor-widget elementor-widget-heading\" data-id=\"7255e5a3\" data-element_type=\"widget\" data-widget_type=\"heading.default\">\n\t\t\t\t<div class=\"elementor-widget-container\">\n\t\t\t\t\t<h2 class=\"elementor-heading-title elementor-size-default\"><span style=\"overflow-wrap: break-word; line-height: normal; font-family: Assistant; color: rgb(40, 40, 40); orphans: 2; widows: 2; text-align: center;\"><span style=\"text-transform: inherit; text-decoration: inherit; font-family: inherit; font-size: inherit; font-weight: inherit; line-height: inherit; letter-spacing: inherit; display: inline;\">Our member in Slovakia<\/span><\/span><\/h2>\t\t\t\t<\/div>\n\t\t\t\t<\/div>\n\t\t\t\t<div class=\"elementor-element elementor-element-33b06815 elementor-widget__width-inherit elementor-widget elementor-widget-image\" data-id=\"33b06815\" data-element_type=\"widget\" data-widget_type=\"image.default\">\n\t\t\t\t<div class=\"elementor-widget-container\">\n\t\t\t\t\t\t\t\t\t\t\t\t\t\t\t<img data-recalc-dims=\"1\" fetchpriority=\"high\" decoding=\"async\" width=\"1840\" height=\"396\" src=\"https:\/\/i0.wp.com\/euravocat.com\/wp-content\/uploads\/2025\/08\/Bratislava.png?resize=1840%2C396&#038;ssl=1\" class=\"attachment-2048x2048 size-2048x2048 wp-image-3524\" alt=\"\" srcset=\"https:\/\/i0.wp.com\/euravocat.com\/wp-content\/uploads\/2025\/08\/Bratislava.png?w=1840&amp;ssl=1 1840w, https:\/\/i0.wp.com\/euravocat.com\/wp-content\/uploads\/2025\/08\/Bratislava.png?resize=300%2C65&amp;ssl=1 300w, https:\/\/i0.wp.com\/euravocat.com\/wp-content\/uploads\/2025\/08\/Bratislava.png?resize=1024%2C220&amp;ssl=1 1024w, https:\/\/i0.wp.com\/euravocat.com\/wp-content\/uploads\/2025\/08\/Bratislava.png?resize=768%2C165&amp;ssl=1 768w, https:\/\/i0.wp.com\/euravocat.com\/wp-content\/uploads\/2025\/08\/Bratislava.png?resize=1536%2C331&amp;ssl=1 1536w, https:\/\/i0.wp.com\/euravocat.com\/wp-content\/uploads\/2025\/08\/Bratislava.png?resize=18%2C4&amp;ssl=1 18w, https:\/\/i0.wp.com\/euravocat.com\/wp-content\/uploads\/2025\/08\/Bratislava.png?w=1380&amp;ssl=1 1380w\" sizes=\"(max-width: 690px) 100vw, 690px\" \/>\t\t\t\t\t\t\t\t\t\t\t\t\t\t\t<\/div>\n\t\t\t\t<\/div>\n\t\t\t\t<\/div>\n\t\t\t\t<div class=\"elementor-element elementor-element-6e8841bc elementor-widget elementor-widget-text-editor\" data-id=\"6e8841bc\" data-element_type=\"widget\" data-widget_type=\"text-editor.default\">\n\t\t\t\t<div class=\"elementor-widget-container\">\n\t\t\t\t\t\t\t\t\t<p><span style=\"color: #6ec1e4; font-size: 28px; font-weight: 600; orphans: 2; text-align: var(--text-align); widows: 2; caret-color: #000000;\"><span style=\"color: #a89542; font-family: Assistant;\">JUDr. PETER ZAJAC &#8211; <\/span><\/span><span style=\"color: #9e8d54;\">Attorney and Bankruptcy Trustee\u00a0<\/span><\/p>\t\t\t\t\t\t\t\t<\/div>\n\t\t\t\t<\/div>\n\t\t\t\t<div class=\"elementor-element elementor-element-2f3689ce elementor-widget-divider--view-line_icon elementor-view-default elementor-widget-divider--element-align-center elementor-widget elementor-widget-divider\" data-id=\"2f3689ce\" data-element_type=\"widget\" data-widget_type=\"divider.default\">\n\t\t\t\t<div class=\"elementor-widget-container\">\n\t\t\t\t\t\t\t<div class=\"elementor-divider\">\n\t\t\t<span class=\"elementor-divider-separator\">\n\t\t\t\t\t\t\t<div class=\"elementor-icon elementor-divider__element\">\n\t\t\t\t\t<svg aria-hidden=\"true\" class=\"e-font-icon-svg e-fas-star\" viewBox=\"0 0 576 512\" xmlns=\"http:\/\/www.w3.org\/2000\/svg\"><path d=\"M259.3 17.8L194 150.2 47.9 171.5c-26.2 3.8-36.7 36.1-17.7 54.6l105.7 103-25 145.5c-4.5 26.3 23.2 46 46.4 33.7L288 439.6l130.7 68.7c23.2 12.2 50.9-7.4 46.4-33.7l-25-145.5 105.7-103c19-18.5 8.5-50.8-17.7-54.6L382 150.2 316.7 17.8c-11.7-23.6-45.6-23.9-57.4 0z\"><\/path><\/svg><\/div>\n\t\t\t\t\t\t<\/span>\n\t\t<\/div>\n\t\t\t\t\t\t<\/div>\n\t\t\t\t<\/div>\n\t\t\t\t<div class=\"elementor-element elementor-element-5f31e83a elementor-widget elementor-widget-text-editor\" data-id=\"5f31e83a\" data-element_type=\"widget\" data-widget_type=\"text-editor.default\">\n\t\t\t\t<div class=\"elementor-widget-container\">\n\t\t\t\t\t\t\t\t\t<div class=\"brz-columns brz-css-aDDud brz-css-vk9Ir\" data-brz-custom-id=\"zqefokouvn\"><div class=\"brz-column__items brz-css-jhpY5 brz-css-pmObQ\"><div id=\"\" class=\"brz-css-ngq7S brz-css-gYJHm brz-wrapper\"><div class=\"brz-rich-text brz-rich-text__custom brz-css-htEHU\" data-brz-custom-id=\"pnbffgtzzs\"><div data-brz-translate-text=\"1\"><p class=\"brz-tp-lg-paragraph brz-css-kgcx0\" data-uniq-id=\"hcdnh\" data-generated-css=\"brz-css-exrgg\"><span class=\"brz-cp-color7\">J\u00e1na Stanislava 39<\/span><\/p><p class=\"brz-tp-lg-paragraph brz-css-tAcQN\" data-uniq-id=\"jhahj\" data-generated-css=\"brz-css-qfojk\"><span class=\"brz-cp-color7\">841 05 Bratislava<\/span><\/p><p class=\"brz-mt-lg-0 brz-tp-lg-paragraph brz-mb-lg-0 brz-css-bV5g_\" data-uniq-id=\"kenid\" data-generated-css=\"brz-css-jozoq\"><span class=\"brz-cp-color7\">Slovakia (address for correspondence)\u00a0<\/span><\/p><p class=\"brz-lh-xs-1_1 brz-lh-sm-NaN brz-lh-lg-1 brz-fw-xs-300 brz-fw-sm-undefined brz-fw-lg-400 brz-ff-lato brz-ls-xs-0 brz-ls-sm-undefined brz-ls-lg-0 brz-fs-lg-6 brz-fs-xs-8 brz-mt-lg-0 brz-css-gYFoh\" data-uniq-id=\"xwbip\" data-generated-css=\"brz-css-vugzb\"><span class=\"brz-cp-color7\">\u00a0<\/span><\/p><p class=\"brz-tp-lg-paragraph brz-css-dH6nT\" data-uniq-id=\"hmihv\" data-generated-css=\"brz-css-mifjz\"><span class=\"brz-cp-color7\">Such\u00e9 m\u00fdto\u00a01, 811 03\u00a0<\/span><\/p><p class=\"brz-tp-lg-paragraph brz-css-txZ9l\" data-uniq-id=\"kpxpe\" data-generated-css=\"brz-css-alrta\"><span class=\"brz-cp-color7\">Bratislava, Slovakia (office)\u00a0\u00a0<\/span><\/p><p class=\"brz-tp-lg-paragraph brz-css-txZ9l\" data-uniq-id=\"kpxpe\" data-generated-css=\"brz-css-alrta\"><span class=\"brz-cp-color7\">or Sl\u00e1dkovi\u010dova 1172 &#8211; 34957 04 B\u00e1novce nad Bebravou, Slovakia (office)\u00a0<\/span><\/p><p class=\"brz-tp-lg-paragraph brz-css-k6MaD\" data-uniq-id=\"cirxk\" data-generated-css=\"brz-css-fdiga\"><span class=\"brz-cp-color7\">Phone: +421\u00a0911\u00a0830\u00a0003<\/span><\/p><p class=\"brz-mb-lg-0 brz-tp-lg-paragraph brz-css-onpa8\" data-uniq-id=\"sqdkq\" data-generated-css=\"brz-css-wegic\"><span class=\"brz-cp-color7\">Email: judr.peter.zajac@gmail.com\u00a0<\/span><\/p><\/div><\/div><\/div><\/div><\/div><div class=\"brz-columns brz-css-aDDud brz-css-xEB9W\" data-brz-custom-id=\"xdssquhfkd\"><div class=\"brz-bg\">\u00a0<\/div><\/div><p class=\"brz-tp-lg-paragraph brz-css-cmkM1\" style=\"caret-color: #000000; color: #000000;\" data-uniq-id=\"lcwql\" data-generated-css=\"brz-css-hpodd\">\u00a0<\/p>\t\t\t\t\t\t\t\t<\/div>\n\t\t\t\t<\/div>\n\t\t<div class=\"elementor-element elementor-element-49656ba e-con-full e-flex e-con e-child\" data-id=\"49656ba\" data-element_type=\"container\">\n\t\t\t\t<div class=\"elementor-element elementor-element-13c06f1 elementor-widget elementor-widget-text-editor\" data-id=\"13c06f1\" data-element_type=\"widget\" data-widget_type=\"text-editor.default\">\n\t\t\t\t<div class=\"elementor-widget-container\">\n\t\t\t\t\t\t\t\t\t<p class=\"brz-mb-lg-4 brz-tp-lg-paragraph brz-mt-lg-0 brz-css-wmdzf\" data-generated-css=\"brz-css-nqobf\" data-uniq-id=\"zjuiu\"><em><span class=\"brz-cp-color7\">Dr. Peter Zajac\u00a0is an experienced attorney\u00a0<\/span>providing various legal services, as well as court proceedings in fraud cases, advising his German speaking clients in various areas within German desk. He specialised in commercial law, civil law, insolvency and civil proceedings. as well as advising German speaking clients in respect of their activities in the Slovak market and provide assistance to Slovak companies having business relations in the German speaking countries (e. g. debt collection, corporate advices). He is also working as the bankruptcy trustee, with the ability to be assigned in the personal bankruptcy proceedings, corporate bankruptcy proceedings and also in the restructuring proceedings &#8211; <\/em><em>Member of German \u2013 Slovak Chamber of Industry and Commerce.\u00a0<\/em><\/p>\t\t\t\t\t\t\t\t<\/div>\n\t\t\t\t<\/div>\n\t\t\t\t<\/div>\n\t\t<div class=\"elementor-element elementor-element-7b1aa438 e-grid e-con-full e-con e-child\" data-id=\"7b1aa438\" data-element_type=\"container\">\n\t\t\t\t<div class=\"elementor-element elementor-element-43646385 elementor-widget elementor-widget-text-editor\" data-id=\"43646385\" data-element_type=\"widget\" data-widget_type=\"text-editor.default\">\n\t\t\t\t<div class=\"elementor-widget-container\">\n\t\t\t\t\t\t\t\t\t<div class=\"brz-columns brz-css-u9XCN brz-css-crHlZ\" style=\"caret-color: #000000; color: #000000;\" data-brz-custom-id=\"dkrdxkdysn\"><div class=\"brz-column__items brz-css-dUTRc\"><div id=\"\" class=\"brz-css-o93Ku brz-wrapper\"><div class=\"brz-rich-text brz-rich-text__custom brz-css-kzKtn\" data-brz-custom-id=\"lzvmhtlnxl\"><div data-brz-translate-text=\"1\"><h2><span style=\"color: #a89542;\"><b>Major areas of practice<\/b><\/span><\/h2><p class=\"brz-tp-paragraph brz-css-w4DnR\"><strong>\u00a0<\/strong><\/p><div class=\"brz-columns brz-css-aDDud brz-css-iHqKy\" data-brz-custom-id=\"iugvzqndxv\"><div class=\"brz-column__items brz-css-jhpY5 brz-css-ephXo\"><div id=\"\" class=\"brz-css-ngq7S brz-css-ew87f brz-wrapper\"><div class=\"brz-rich-text brz-rich-text__custom brz-css-htEHU\" data-brz-custom-id=\"qeslkttjhj\"><div data-brz-translate-text=\"1\"><p class=\"brz-tp-paragraph brz-css-b4qRU\"><span class=\"brz-cp-color7\">Corporate and Commercial law<\/span><\/p><p class=\"brz-tp-paragraph brz-css-mQpTq\"><span class=\"brz-cp-color7\">Civil law<\/span><\/p><p class=\"brz-tp-paragraph brz-css-sbQ_z\"><span class=\"brz-cp-color7\">Bankruptcy law\u00a0<\/span><\/p><p class=\"brz-tp-paragraph brz-css-gNSnq\"><span class=\"brz-cp-color7\">Labour law<\/span><\/p><p class=\"brz-tp-paragraph brz-css-mrQ33\"><span class=\"brz-cp-color7\">Debt collection<\/span><\/p><\/div><\/div><\/div><\/div><\/div><\/div><\/div><\/div><\/div><\/div>\t\t\t\t\t\t\t\t<\/div>\n\t\t\t\t<\/div>\n\t\t\t\t<div class=\"elementor-element elementor-element-1c454dbd elementor-widget elementor-widget-text-editor\" data-id=\"1c454dbd\" data-element_type=\"widget\" data-widget_type=\"text-editor.default\">\n\t\t\t\t<div class=\"elementor-widget-container\">\n\t\t\t\t\t\t\t\t\t<div class=\"brz-columns brz-css-u9XCN brz-css-rnlvm\" style=\"caret-color: #000000; color: #000000;\" data-brz-custom-id=\"cnwnbcflde\"><h3><strong style=\"color: #a89542;\">Languages<\/strong><\/h3><div class=\"brz-column__items brz-css-dUTRc\"><div class=\"brz-row__container brz-css-hsHVO\" data-brz-custom-id=\"oscigrhiwg\"><div class=\"brz-row brz-row--inner brz-css-wfaV_ brz-css-fcHdg\"><div class=\"brz-columns brz-css-u9XCN brz-css-nWoGv\" data-brz-custom-id=\"zxnemhupyq\"><div class=\"brz-column__items brz-css-dUTRc\"><div id=\"\" class=\"brz-css-o93Ku brz-wrapper\"><div class=\"brz-rich-text brz-rich-text__custom brz-css-kzKtn\" data-brz-custom-id=\"dtohujcmgh\"><div data-brz-translate-text=\"1\"><p class=\"brz-tp-paragraph brz-css-blAOZ\"><strong class=\"brz-cp-color7\">Slovak, Czech, German, English<\/strong><\/p><\/div><\/div><\/div><\/div><\/div><\/div><\/div><\/div><\/div>\t\t\t\t\t\t\t\t<\/div>\n\t\t\t\t<\/div>\n\t\t\t\t<div class=\"elementor-element elementor-element-7d470095 elementor-widget elementor-widget-link-in-bio\" data-id=\"7d470095\" data-element_type=\"widget\" data-widget_type=\"link-in-bio.default\">\n\t\t\t\t<div class=\"elementor-widget-container\">\n\t\t\t\t\t\t\t<div class=\"e-link-in-bio e-link-in-bio\">\n\t\t\t<div class=\"e-link-in-bio__content\">\n\n\t\t\t\t\t\t<div class=\"e-link-in-bio__identity\">\n\t\t\t\t\t\t\t\t\t<div class=\"e-link-in-bio__identity-image e-link-in-bio__identity-image-profile has-style-circle\">\n\t\t\t\t\t\t\t<img data-recalc-dims=\"1\" decoding=\"async\" width=\"225\" height=\"300\" src=\"https:\/\/i0.wp.com\/euravocat.com\/wp-content\/uploads\/2023\/03\/Peter-Zajac.jpg?resize=225%2C300&#038;ssl=1\" class=\"e-link-in-bio__identity-image-element\" alt=\"\" srcset=\"https:\/\/i0.wp.com\/euravocat.com\/wp-content\/uploads\/2023\/03\/Peter-Zajac.jpg?resize=225%2C300&amp;ssl=1 225w, https:\/\/i0.wp.com\/euravocat.com\/wp-content\/uploads\/2023\/03\/Peter-Zajac.jpg?resize=768%2C1024&amp;ssl=1 768w, https:\/\/i0.wp.com\/euravocat.com\/wp-content\/uploads\/2023\/03\/Peter-Zajac.jpg?resize=295%2C393&amp;ssl=1 295w, https:\/\/i0.wp.com\/euravocat.com\/wp-content\/uploads\/2023\/03\/Peter-Zajac.jpg?resize=590%2C786&amp;ssl=1 590w, https:\/\/i0.wp.com\/euravocat.com\/wp-content\/uploads\/2023\/03\/Peter-Zajac.jpg?w=960&amp;ssl=1 960w\" sizes=\"(max-width: 225px) 100vw, 225px\" \/>\t\t\t\t\t\t\t\t\t\t\t\t\t<\/div>\n\t\t\t\t\t\t\t<\/div>\n\t\t\t\t\t<div class=\"e-link-in-bio__bio\">\n\t\t\t\t<h2 class=\"e-link-in-bio__heading\">Dr. Peter Zajac\n\n<\/h2>\t\t\t\t\t\t\t\t\t\t\t\t\t\t\t<\/div>\n\t\t\t\t\t<div class=\"e-link-in-bio__icons has-size-medium\">\n\t\t\t\t\t\t\t<div class=\"e-link-in-bio__icon is-size-medium\">\n\t\t\t\t\t<a href=\"https:\/\/www.linkedin.com\/in\/peter-zajac-0a8598107\/\" target=\"_blank\" rel=\"noopener \" aria-label=\"LinkedIn\" class=\"e-link-in-bio__icon-link\">\n\t\t\t\t\t\t<span class=\"e-link-in-bio__icon-svg\">\n\t\t\t\t\t\t\t<svg aria-hidden=\"true\" class=\"e-font-icon-svg e-fab-linkedin-in\" viewBox=\"0 0 448 512\" xmlns=\"http:\/\/www.w3.org\/2000\/svg\"><path d=\"M100.28 448H7.4V148.9h92.88zM53.79 108.1C24.09 108.1 0 83.5 0 53.8a53.79 53.79 0 0 1 107.58 0c0 29.7-24.1 54.3-53.79 54.3zM447.9 448h-92.68V302.4c0-34.7-.7-79.2-48.29-79.2-48.29 0-55.69 37.7-55.69 76.7V448h-92.78V148.9h89.08v40.8h1.3c12.4-23.5 42.69-48.3 87.88-48.3 94 0 111.28 61.9 111.28 142.3V448z\"><\/path><\/svg>\t\t\t\t\t\t<\/span>\n\t\t\t\t\t\t\t\t\t\t\t<\/a>\n\t\t\t\t<\/div>\n\t\t\t\t\t<\/div>\n\t\t\n\t\t<div class=\"e-link-in-bio__ctas has-type-button\">\n\t\t\t\t\t\t\t<a class=\"e-link-in-bio__cta is-type-button has-border has-corners-rounded\" href=\"mailto:judr.peter.zajac@gmail.com\u00a0\">\n\t\t\t\t\t\t\t\t\t\t<span class=\"e-link-in-bio__cta-text\">\n\t\t\t\t\t\t@\t\t\t\t\t<\/span>\n\t\t\t\t<\/a>\n\t\t\t\t\t<\/div>\n\t\t\n\t\t\t<\/div>\n\t\t\t<div class=\"e-link-in-bio__bg\">\n\t\t\t\t<div class=\"e-link-in-bio__bg-overlay\"><\/div>\n\t\t\t<\/div>\n\t\t<\/div>\n\t\t\t\t\t\t<\/div>\n\t\t\t\t<\/div>\n\t\t\t\t<\/div>\n\t\t\t\t\t<\/div>\n\t\t\t\t<\/div>\n\t\t\t\t<\/div>\n\t\t","protected":false},"excerpt":{"rendered":"<p>Our member in Slovakia JUDr. PETER ZAJAC &#8211; Attorney and Bankruptcy Trustee\u00a0 J\u00e1na Stanislava 39 841 05 Bratislava Slovakia (address for correspondence)\u00a0 \u00a0 Such\u00e9 m\u00fdto\u00a01, 811 03\u00a0 Bratislava, Slovakia (office)\u00a0\u00a0 or Sl\u00e1dkovi\u010dova 1172 &#8211; 34957 04 B\u00e1novce nad Bebravou, Slovakia (office)\u00a0 Phone: +421\u00a0911\u00a0830\u00a0003 Email: judr.peter.zajac@gmail.com\u00a0 \u00a0 \u00a0 Dr. Peter Zajac\u00a0is an experienced attorney\u00a0providing various legal<br \/><a class=\"moretag\" href=\"https:\/\/euravocat.com\/?page_id=1357\">+ Read More<\/a><\/p>\n","protected":false},"author":1,"featured_media":0,"parent":0,"menu_order":0,"comment_status":"closed","ping_status":"closed","template":"elementor_header_footer","meta":{"jetpack_post_was_ever_published":false,"footnotes":""},"class_list":["post-1357","page","type-page","status-publish","hentry"],"jetpack_sharing_enabled":true,"jetpack_shortlink":"https:\/\/wp.me\/Pauee1-lT","_links":{"self":[{"href":"https:\/\/euravocat.com\/index.php?rest_route=\/wp\/v2\/pages\/1357","targetHints":{"allow":["GET"]}}],"collection":[{"href":"https:\/\/euravocat.com\/index.php?rest_route=\/wp\/v2\/pages"}],"about":[{"href":"https:\/\/euravocat.com\/index.php?rest_route=\/wp\/v2\/types\/page"}],"author":[{"embeddable":true,"href":"https:\/\/euravocat.com\/index.php?rest_route=\/wp\/v2\/users\/1"}],"replies":[{"embeddable":true,"href":"https:\/\/euravocat.com\/index.php?rest_route=%2Fwp%2Fv2%2Fcomments&post=1357"}],"version-history":[{"count":14,"href":"https:\/\/euravocat.com\/index.php?rest_route=\/wp\/v2\/pages\/1357\/revisions"}],"predecessor-version":[{"id":3536,"href":"https:\/\/euravocat.com\/index.php?rest_route=\/wp\/v2\/pages\/1357\/revisions\/3536"}],"wp:attachment":[{"href":"https:\/\/euravocat.com\/index.php?rest_route=%2Fwp%2Fv2%2Fmedia&parent=1357"}],"curies":[{"name":"wp","href":"https:\/\/api.w.org\/{rel}","templated":true}]}}